g) + 3*r(g). Give h(4).
9
Let z(f) be the second derivative of -f**4/12 + f**3/2 + 13*f + 18. Let n = 20 + -4. Suppose -3*p = -25 + n. What is z(p)?
0
Let w(o) = o**3 + 12*o**2 + 11*o + 16. Let p(x) = -15*x - 131. Suppose -3*y - 12 = 3*b, 3*b - 3*y + 53 - 17 = 0. Let f be p(b). Calculate w(f).
16
Let v(w) = 2*w + 256 - 3*w**2 - 240 - 3*w + 4*w**2 - 3*w. What is v(5)?
21
Let c(n) = -4*n**2 + 449*n - 42. Let h(i) = -i**2 + 140*i + 1. Let y(x) = c(x) - 3*h(x). What is y(26)?
33
Let u(s) be the second derivative of -s**3/2 + 3*s**2 - 1459*s. Calculate u(-4).
18
Let o(h) = h**3 + 68*h**2 - 1 + 0*h**3 - h - 60*h**2 - 7*h**2. Let v(k) = 2*k**3 + 9*k**2 - 7*k. Let n = -5 - -8. Let q(u) = n*o(u) - v(u). Give q(2).
-11
Let l(y) = -27*y**2 + 189*y + 6. Let i be l(7). Let v(g) be the third derivative of 1/60*g**5 - 3/2*g**3 + 0 + 0*g**4 - 15*g**2 + 1/120*g**i + 0*g. Give v(0).
-9
Let s(x) = 5*x**2 - 7 + 0*x**2 + x - 4*x - 17*x**3 + 18*x**3. Let p = 72 - 55. Suppose g - 8 = 3*w + 11, -5*w - 2*g = p. Calculate s(w).
8
Let k(w) be the first derivative of 2*w**3/3 + 9*w**2/2 - 2*w - 3. Suppose -44*q + 21*q - 115 = 0. Give k(q).
3
Let i be (-2 - (-8)/2) + -249. Let w = -256 - i. Let p(x) = -2*x - 6. Determine p(w).
12
Suppose k = 3*h - 10, -5*h - 5*k - 14 = -2*h. Let w be (-12 + 7)/((-5)/h). Let q(i) = 0*i**2 - 1 + 3*i**2 - 2*i**w + i**2. What is q(2)?
7
Suppose 55 + 37 = -17*r + 24. Let h(t) = t**3 + 5*t**2 - 4*t - 7. Give h(r).
25
Suppose -107 = 5*z - 3*r, 46*z - 44*z = -3*r - 26. Let h(y) = -2*y - 34. Calculate h(z).
4
Let z(u) = -8. Let h(r) = -8*r - 1. Let l(d) = -5*h(d) + z(d). Give l(-1).
-43
Suppose -148 = 29*y + 261 + 26. Let g(n) = 4*n + 49. Determine g(y).
-11
Let h(r) be the second derivative of 2*r**2 - 2/3*r**3 + 0 + 4*r. Let x = -3247 - -3250. Calculate h(x).
-8
Let w(g) = g**2 + 4*g - 5. Let v be w(-6). Let b(z) = 8*z - 1. Let f(a) = -7*a. Let u(l) = 6*b(l) + 7*f(l). Calculate u(v).
-13
Let y(p) be the first derivative of -p**3 + 5*p**2/2 + 20*p - 1159. Give y(4).
-8
Let p(v) = 9*v - 3. Let o be (-15)/20 + 57/12. Determine p(o).
33
Let j be 6*(-4)/(-36) + 20/6. Suppose g - j*v - 34 = -g, -4*v = -3*g + 41. Suppose 2*m = -g + 5. Let z(l) = -l**2 + 1. Give z(m).
0
Suppose 1 - 4 = 4*r + 5*z, -3*z + 43 = -4*r. Let k(h) = 292*h + 34. Let b(m) = -526*m - 63. Let v(d) = 5*b(d) + 9*k(d). Give v(r).
5
Let p(r) = -r**2 - 17*r + 87. Let i be 20/65 + (-768)/(-208). Give p(i).
3
Let r be (-1*(-4)/(-12))/((-1)/6). Let y be 3/(-2)*8/(-3). Let s(l) = 7*l**r - 2*l**3 + 2*l**3 + 3*l + 2 - y*l**3 + 5*l**3. Calculate s(-7).
-19
Let m(a) = -19*a**3 + 3*a + 2. Let u be m(-3). Let f(n) = -7*n - 168*n**2 - 172*n**2 + u*n**2 - 167*n**2. What is f(-6)?
6
Let o = -6 + 1. Let j(u) = -u. Let w(f) = -f + 2. Let p(n) = 2*j(n) - 3*w(n). Let r(i) = -i - 19. Let z(b) = 3*p(b) - r(b). Determine z(o).
-19
Let h(y) be the first derivative of 7*y**2 + 4*y - 1118. What is h(-3)?
-38
Suppose 48 = -5010*x + 5022*x. Let k(c) = -2*c**2 + 3*c + 13. Give k(x).
-7
Let p be ((-5)/10)/(((-2)/24)/1). Suppose p*a = -a + 21. Suppose 0 = 4*c - 4*b, 0*c + 4 = a*c - b. Let u(r) = -2*r. Give u(c).
-4
Let i(d) = d**2 - 25*d - 15. Let j(z) = -z**2 + 7*z - 1. Let x(w) = -i(w) - 12*j(w). Give x(5).
7
Suppose 26 + 359 = 35*a. Let i(v) = 3*v + 14. Determine i(a).
47
Let b be ((-14)/(-4) + -2)*2. Suppose 0 = -d + 37 + 55. Let t(w) = -w**2 - w**2 - d + 90 + 4*w. Determine t(b).
-8
Let i be 23/9 + -3 + (-308)/36 + 11. Let z(w) = 26*w + 3. Calculate z(i).
55
Let n be (-6)/(-4)*5/((-105)/(-154)). Let t(f) = 7*f**3 + 2*f**2 - 9*f**2 + f + 5*f**3 + 9 - n*f**3. What is t(7)?
16
Suppose 371*t - 366*t = -2*o - 26, -4*o - 4*t = 52. Let d(w) be the first derivative of 3*w**2/2 + 35*w - 1. Determine d(o).
-4
Let t(p) = -4*p - 3. Let a be t(-6). Let m = 4332 - 4328. Suppose -3*d + 38 = m*z, -d = -2*d - 3*z + a. Let i(v) = v - 4. Calculate i(d).
2
Suppose -i - 10 = 4*q - 4, -i - 3 = q. Let j be -7 - (0 - q/(-1)). Let m(y) be the first derivative of -y**3/3 - 7*y**2/2 + 3*y - 61. Calculate m(j).
9
Let n(y) = y**3 + 11*y**2 + 11*y + 3. Let w = 142 + -149. Let h be -10*(21/(-28) + w/(-4)). Calculate n(h).
-7
Let a(w) = 213*w - 27 + 245*w - 464*w. Calculate a(-6).
9
Let h(t) = -5*t**3 - 2*t + 1. Suppose 2*a - 7 = p, -3*p - 1 = a - 8. Let i be (-3)/a + (21/12 - 1). Suppose 5*g - 1 = 3*x + g, x - g = i. Determine h(x).
-6
Let n(c) be the third derivative of -1/4*c**4 - 5/3*c**3 + 0*c - 31*c**2 + 0 + 1/60*c**5. Give n(7).
-3
Let x(c) = -3*c**2 + 60*c - 334. Let y be x(9). Let o(z) = -2*z - 67. What is o(y)?
7
Let i(b) be the third derivative of b**5/60 - 7*b**4/12 + 10*b**3/3 + 53*b**2 - b. Calculate i(13).
7
Let i be 21 + ((-28)/7 - 1). Let b(k) = -k + 4*k + k**2 - 5*k - 2*k**2 - i + 2*k**2. Calculate b(0).
-16
Let b(r) = 8*r + 11 + 2*r**3 - 3*r + 16*r - 25*r**2. Let z(s) = -s**3 + 12*s**2 - 10*s - 5. Let m(d) = 6*b(d) + 13*z(d). Give m(5).
6
Let l(f) = -f**2 - 6*f - 6. Let w = 6 + 1. Suppose -w - 7 = -7*y. Let j(s) = -2*s**3 + 4*s**2 - 3*s + 2. Let p be j(y). Determine l(p).
2
Let i(p) = p**3 - 11*p**2 + 2*p - 4. Let k be i(11). Let j(h) = 4 + k*h**2 + 16*h**2 - 35*h**2 + 5*h. Let c = -123 + 129. Calculate j(c).
-2
Let w(r) = 4*r - 50 + 4*r + 14 + 26 + 24. Determine w(-5).
-26
Let t(p) be the third derivative of -p**5/30 - 23*p**4/24 - 7*p**3/2 + 416*p**2. Calculate t(-10).
9
Let b(a) = a**2 + 8*a - 2. Let f(w) = -22*w + 186. Let i(n) = 5*n - 8*n + 5*n - 17. Let k(u) = 6*f(u) + 68*i(u). Let x be k(8). What is b(x)?
-2
Let u(b) = b**3 - 6*b**2 - 2*b + 7. Let p(a) = 2*a + 18. Suppose -4*i + 23 = 3*q, -q - 24 = -5*i + 19. Let t be (-6)/(-7)*(1 - i). Let w be p(t). Give u(w).
-5
Let w(p) = p**3 - p**2 + 5*p + 4. Suppose 17 - 8 = n - 3*j, -4*j = 5*n + 12. Give w(n).
4
Let c(i) be the third derivative of -i**6/120 + 4*i**5/15 + 2*i**4/3 + 13*i**3/6 + i**2 - 4. Give c(17).
-4
Let i(s) = s**3 + 5*s**2 - 29*s - 10. Let j be i(0). Let z(t) = -t**3 - 9*t**2 + 4*t + 13. Calculate z(j).
73
Let g(s) = -s**2 + 28. Let i be 6 + 6 + 2 + -10. Suppose 3*d + i*j = 12, -5*d + 8*j = 9*j - 3. What is g(d)?
28
Let o(f) be the third derivative of -f**5/60 + 17*f**4/24 - 11*f**3 - 10*f**2 + f - 21. What is o(9)?
6
Suppose -3*a - 12 = -42. Let s be 4/a - (-42)/(-5). Let v(f) be the second derivative of f**4/12 + 4*f**3/3 - 4*f**2 + 6778*f. Give v(s).
-8
Let b(r) be the second derivative of -r**8/6720 + r**7/252 - r**6/720 + r**5/30 + r**4/2 - 11*r. Let z(h) be the third derivative of b(h). Give z(10).
-6
Let h(y) = 5*y - 19. Suppose 5*n - 2 = -l + 68, 2*n + 4*l - 10 = 0. Suppose 3*m = 4*i + 2*m - n, -5*m + 45 = 4*i. Give h(i).
6
Let w(y) = y - 1. Suppose 0 = -3*o + 5*n - 17, -2*n = -4*o - 11 - 7. Let b(t) = -5*t - 12. Let c(j) = o*w(j) - b(j). Give c(-10).
6
Let c(d) = 2076*d - d**2 - 4 - 1037*d - 3 + 5 - 1034*d. Suppose 1 = f - 1. Determine c(f).
4
Suppose -1 + 21 = 5*c. Suppose 27 = 3*t - 4*i, 3*t + t - 58 = -2*i. Let u(q) = 3 + 16*q - 4*q**2 - t*q + q**3 - 2. What is u(c)?
13
Let y(l) = l - 8. Suppose 0 = -q - 14 + 17. Let v(d) = -2*d**q - 3*d**2 - 3*d - 2 + 0*d - d**3 + 2*d**3. Let c be v(-3). Determine y(c).
-1
Let t(u) be the third derivative of -u**6/120 + u**5/15 + 13*u**4/24 - 5*u**3/6 + 1526*u**2. Determine t(6).
1
Let w(h) = -1 + 7 + 0 - 623*h + 622*h. Let t be ((-247)/19)/(0 + -1). Calculate w(t).
-7
Suppose 5*r - 4*s - 12 = 0, -3*r + 17*s = 15*s - 10. Let z be 6/(-36) - 2/(-12). Let f(o) = 11*o - o**2 + z*o - 1 - 4*o. Give f(r).
-9
Let d(p) = -29*p - 11. Let l(y) = -58*y - 24. Let n(m) = 7*d(m) - 3*l(m). Let i(u) = -81*u - 14. Let h(t) = 6*i(t) - 17*n(t). Give h(-5).
-34
Let z(u) = 1 + 8275*u**2 - 2*u - 50*u**3 - 8276*u**2 + 2*u. Give z(-1).
50
Let i(q) be the second derivative of 4*q**3/3 - 59*q**2 + 2319*q - 1. What is i(14)?
-6
Let k(x) be the first derivative of 0*x**2 - 1/4*x**4 + 9 + 1/3*x**3 + 7*x. Let w = 42 + -42. Calculate k(w).
7
Let q(x) be the third derivative of -x**5/60 - x**4/3 - 7*x**3/6 + 9*x**2 - 31*x. Determine q(-8).
-7
Suppose 628 - 166 = -66*c. Let k(x) = -18*x + 14. Determine k(c).
140
Let h(i) = -i**3 + 11*i**2 - 2*i + 5. Let z(y) = 3*y**3 - 18*y**2 + 4*y - 16. Let w(d) = -5*h(d) - 2*z(d). Calculate w(-19).
-31
Let i(b) = -b**2 - b. Let v(c) = 6*c**2 - 4*c - 7. Let u(m) = -5*i(m) - v(m). Suppose 2962 + 525 = 